der when j is divided by i(-3).
5
Let z = 2064 - 1977. Calculate the remainder when z is divided by 74.
13
Suppose 5*j - 8375 = 63*z - 58*z, -5*j + 8360 = -2*z. Calculate the remainder when j is divided by 46.
14
Let m(t) = -t**3 + t**2 + 8*t + 7. Let r be m(0). Let v = -33 - -54. Calculate the remainder when (114/4)/(r/2 - 3) is divided by v.
15
Suppose -4*w - 4*t - 4 = -0, 3*w = 2*t - 28. Suppose 0 = 3*x - 4*z - 297 - 214, -x + z + 171 = 0. What is the remainder when x is divided by 32 + 9/1 + w?
33
Suppose -79*g + 24983 + 11831 = 0. Calculate the remainder when g is divided by 19.
10
What is the remainder when 4331 is divided by (12 - (19 + -6))*-197?
194
Let f(h) = -3*h**3 - 52*h**2 - 91*h + 5. Suppose 0 = -0*i + 3*i + 5*r - 212, -300 = -4*i + 2*r. What is the remainder when f(-16) is divided by i?
67
Suppose 0 = 3*b + 2*x - 53, 233*b = 229*b - 5*x + 80. What is the remainder when 1769 is divided by b?
14
Suppose -5*z - 848 + 808 = 0, -4*g = -3*z - 156. What is the remainder when 655 is divided by g?
28
Let i(c) = 2*c**3 - 16*c**2 - 10*c - 7. Let j be i(14). Suppose 5*d - 16 - 54 = 0. What is the remainder when j/35 - 1*1*-2 is divided by d?
9
Let r = 3693 - 3676. Suppose 976 = -9*i + 3406. What is the remainder when i is divided by r?
15
Let o = 74 - 54. Let x be 2 + 1 + 1/(-1). Suppose -x*k + 4*n + 72 = -0*k, 4*n = -o. Calculate the remainder when k is divided by 14.
12
Suppose 3*q - 8*q + z = -161, -q - z + 31 = 0. Let s be (-1504)/3*(-12)/8. Suppose 6*u - s = -2*u. Calculate the remainder when u is divided by q.
30
Suppose 4*f - 19 = -59. Suppose 0 = k - j - 4 - 2, 3*j = 2*k - 16. What is the remainder when (-3*1)/(15/f) is divided by k?
0
Suppose 0 = -3*l - 2*n + 141, -4*l - 441 = -4*n - 649. What is the remainder when 1322 is divided by l?
48
Suppose 6 = n + v - 1, 2*n - 22 = -4*v. Let i be -5 + 88/12 + (-1)/3. Suppose -3*c - 5*d = i, -2*c = n*d - 0*d. What is the remainder when 26 is divided by c?
2
Let x be -3 + 6 + -2 - 1. Suppose 2*u = -3*i + 7*i - 180, x = -i - 3*u + 31. Let o = -187 + 271. What is the remainder when o is divided by i?
41
Suppose 740 = 32*g - 22*g. What is the remainder when 144 is divided by 2/(8/6*3/g)?
33
Suppose 13*c - 19*c + 1224 = 0. Suppose -3*u + 13 = -4*m + 214, 0 = 4*m - 4*u - c. Calculate the remainder when m is divided by 26.
22
Let v(o) = -831*o - 814. What is the remainder when 337 is divided by v(-1)?
14
Suppose 4*i + 29 - 25 = 0. Calculate the remainder when 48 - i - (9 - 13) is divided by 8.
5
Let f = 2114 - 2092. Calculate the remainder when 1*(1 + 0)*65 is divided by f.
21
Suppose -4*v + 4 = 0, 8*n - 13*n = 6*v - 716. Calculate the remainder when 408 is divided by n.
124
Let j(h) = 12*h**3 - h**2 + 433*h - 863. Calculate the remainder when 145 is divided by j(2).
50
Let g = -13 + 43. Let l = -211 + 233. Suppose l*s - 3*s - 304 = 0. Calculate the remainder when g is divided by s.
14
Let a(f) = f**2 + 6*f - 17. Let o be a(-7). Let m = 16 + o. Suppose 0 = u - m*u + 35. Calculate the remainder when 13 is divided by u.
6
Suppose 4*f = -4*z + 8, z + f = 4*f - 2. Let a be z + 2273/(-13) - (-116)/(-754). Calculate the remainder when 24 is divided by a/(-18) - 2/3.
6
Suppose k - 9 = -0*k. Let p = 19 + -6. What is the remainder when p is divided by k?
4
Let m = -1593 - -1749. Suppose -316 = -4*n + 2*t, 0 = -n - 3*n - 3*t + 316. What is the remainder when m is divided by n?
77
Let m = -18268 - -18295. Suppose 3*u - 12 = 18. Calculate the remainder when m is divided by u.
7
Let k = 12281 - 11523. What is the remainder when k is divided by 377?
4
Let p(y) = 252*y - 3870. What is the remainder when p(60) is divided by 121?
118
Let z = 7 - 73. Calculate the remainder when z/(-4)*28/42 is divided by 3.
2
Let b(k) = 6*k + 27. Let i be b(-5). Let r be 16/i*((-42)/(-4))/(-7). What is the remainder when r + 0 + -4 - -105 is divided by 16?
13
Suppose -y - y - 6 = 0. What is the remainder when 99 is divided by 231/9 - (-2)/y?
24
Suppose -11*u + 5*k = -8*u - 73, 0 = 3*u + k - 43. Suppose 2*l - 3*l = -u. What is the remainder when 157 is divided by l?
13
Suppose 4*k + 192 = 1000. Let q = k - 60. Calculate the remainder when q is divided by 13.
12
What is the remainder when (7 + -5 - 8/10)*180 is divided by 0 + (438 - -2)/8?
51
Let h = -9940 - -9967. Let a(f) = f**3 - 3*f**2 - 7*f + 1. What is the remainder when h is divided by a(5)?
11
Suppose -67*v + 8800 = 3858 - 4773. Let w(a) = -5*a - 30. Calculate the remainder when v is divided by w(-14).
25
Suppose 5*n + 119 = -31. Let w = n + 33. Suppose -5*u - 14 = -w*a + 32, -3*a + 52 = u. What is the remainder when 49 is divided by a?
15
Suppose -4*f = -6*f + 66. Suppose 3*t - f = -4*x + 36, -4*t + 2*x + 70 = 0. Calculate the remainder when 75 is divided by t.
18
Let b(n) = 36*n + 298. Suppose 2*g - 4 = 2*f - 2, 2*g + 3*f + 18 = 0. Calculate the remainder when b(-8) is divided by -3 + 20/2 + g.
2
Suppose -2*k + 684 = 3*h, -41*h + 5*k = -37*h - 889. Calculate the remainder when h is divided by 41.
21
Let c be 1 - ((-2)/4)/(8/560). Suppose 0 = -w - c - 21. Let f = w + 82. Calculate the remainder when f is divided by 14.
11
Let m(x) = -x**3 + 21*x**2 + 45*x + 25. Let j be m(23). Suppose -3*d + 6*d - 114 = 0. Suppose j*y - d - 2 = 0. Calculate the remainder when y is divided by 12.
8
Let r = -4084 + 4133. Calculate the remainder when 780 is divided by r.
45
Let j = -14782 - -14816. What is the remainder when 676 is divided by j?
30
Let m(n) be the third derivative of 5*n**4/12 - 49*n**3/6 - 123*n**2. Calculate the remainder when m(9) is divided by 16.
9
Let g = 1042 + -1034. What is the remainder when 438 is divided by g?
6
Let u(y) = -y**2 + 16*y - 29. Let m be u(13). Suppose -m = -2*d + 7*w - 3*w, -w = 3*d - 29. Let g = 7 + d. Calculate the remainder when 30 is divided by g.
14
Let s be (-3)/(0 + 12/(-3208)). Suppose s - 2209 = -21*c. What is the remainder when c is divided by 35?
32
Let a(v) = 2*v**2 - 4*v - 1. Let r(k) = -9*k**3 + 5*k**2 - 6*k + 4. Let m be r(2). What is the remainder when a(7) is divided by (m/8)/(6/(-8))?
9
Let h(q) = q**3 + q**2 + q + 41. Let x(o) = -o**2 - 22*o - 24. Let v be x(12). Let g = 443 + v. What is the remainder when h(0) is divided by g?
8
Suppose 3*a - 6 = a. Suppose a*g - 755 = -122. Let t = g - 156. What is the remainder when t is divided by 12?
7
Let x(f) = -2*f**2 + 5*f + 59. Let l be x(0). Suppose -4*n - l = -4*p + 125, -p + 37 = 2*n. Calculate the remainder when 128 is divided by p.
42
Let c(u) = u**2 - 11*u + 13. Let g be c(10). Suppose 0 = 2*j + 2*v, 8*v - 4*v = -g*j + 2. What is the remainder when 79 is divided by 25 + (-1 - (1 + -3 + j))?
23
Suppose 6*w = 5*w + 504. Let q(x) = 13*x**3 - 5*x**2 - 18*x + 53. Calculate the remainder when w is divided by q(2).
100
Let s = 3478 - 3438. What is the remainder when 5712 is divided by s?
32
Suppose 2*t + 0*t - 112 = 0. Suppose 0 = 58*q - t*q - 18. What is the remainder when q is divided by 8?
1
Let x(w) = 262*w - 1234. What is the remainder when x(6) is divided by 108?
14
Let w = 357 + -58. Calculate the remainder when 51 is divided by 3841/w - (-2)/13.
12
Let v = 65 - -2. Calculate the remainder when 344 + (5/2)/(215/(-1290)) is divided by v.
61
Let q = 12 - 6. Suppose 2*y = q, -y - 15 = n + 8. Calculate the remainder when n/(18/(-20) + (-14)/(-35)) is divided by 11.
8
Suppose 0 = 4*q + 24 - 120. Let i(v) = 139*v - 4295. What is the remainder when q is divided by i(31)?
10
Suppose 572*z = 5*a + 569*z - 216, -2*a - 10*z - 48 = 0. Let k = -82 - -219. Calculate the remainder when k is divided by a.
29
What is the remainder when 671 is divided by ((-16)/(-10) + -2)*(12 + (-5695)/10)?
2
Let a(z) = -36*z + 146. Let t be a(4). Suppose 43*h - 585 = -t*h. Calculate the remainder when 816 is divided by h.
10
Let v(t) = 2*t**3 - 9*t**2 - 8*t + 51. Calculate the remainder when 440 is divided by v(8).
5
Let j(n) = 141*n + 11028. Calculate the remainder when j(-67) is divided by 101.
66
Suppose 5*b - 21*l = -16*l + 45425, -l = -4*b + 36346. What is the remainder when b is divided by 101?
98
Let i be 7 + -1 + 228 + 7. Let g be 2 + -1 + 2 + 352. Let p = g - i. What is the remainder when p is divided by 13?
10
Suppose 0 = -8*l + 27*l + 2888. Let n = l + 163. What is the remainder when 107 is divided b